 remainder when r(x) is divided by ((-5)/(-2))/((-5)/(0 + -30))?
13
Let q = 6 - -21. What is the remainder when q is divided by 6?
3
Suppose -4*m = -5*d - 54, 2*m - d = 4*m - 34. Suppose -6*g = -4*g. Suppose 5*y - 6 = -4*s + 20, 4*s + y - 34 = g. What is the remainder when m is divided by s?
7
Let b(z) = 4*z**2 - 8*z - 4. Calculate the remainder when b(4) is divided by 8.
4
Let l be -1 - -7 - (0 - 0). Let a(j) = j + 6. Suppose 7*n - 2*n = 110. Calculate the remainder when n is divided by a(l).
10
Suppose -10 = 5*p - 0*p. What is the remainder when 1/((-1)/2*p) is divided by 1?
0
Let l = -33 - -47. What is the remainder when 52 is divided by l?
10
Let u = 63 + -123. Let c = 84 + u. Calculate the remainder when c is divided by 9.
6
Suppose 0*a + 4*a = 0. Let i be (-3)/4 - 85/20. Calculate the remainder when (i - a)*(-40)/4 is divided by 17.
16
Suppose 0 = 2*z - 7*z + 30. Let h be (-170)/17*(-61)/2. Suppose h = -r + z*r. Calculate the remainder when r is divided by 21.
19
Calculate the remainder when 71 is divided by (65/20 - 1)*8.
17
Suppose -2*d - 3*x + 2*x + 11 = 0, 5*x - 7 = -4*d. Suppose -3*o + d = -o. Let a = o + 7. Calculate the remainder when 41 is divided by a.
8
Let x = -2 - -4. Let p(y) = -y**3 - 3*y**2 - y + 2. Let c be p(-3). Suppose -c = -2*t - 1. What is the remainder when x is divided by t?
0
Let w(j) = j**2 + 0*j**2 + j**3 + 5*j**2 + 2*j + 5. What is the remainder when w(-5) is divided by 6 - (-7)/(-21)*-1*3?
6
Let i = -52 - -12. Let b = i + 82. Suppose 2*h = -h + b. What is the remainder when h is divided by 5?
4
Suppose h + 14 = -v - 3*h, v + 5 = -h. Calculate the remainder when (-1)/((-5 - v)/102) is divided by 18.
16
Let n(r) = 2 - 10 - 8 + 2*r + 1. Calculate the remainder when n(10) is divided by -3*((-3)/1 + 2).
2
Let p(n) = 38*n**3 + n**2. Let b be p(-1). Let h = b - -56. Let f(r) = -10*r + 6. Calculate the remainder when f(-5) is divided by h.
18
Let y = 20 + -14. Calculate the remainder when (-4)/(2/(-33)*3) is divided by y.
4
Suppose 410*z - 90 = 405*z. Let n(y) = -1 - 2*y + 4 - 8*y. Calculate the remainder when n(-3) is divided by z.
15
Suppose 0 = -3*j + 5*p + 20, -j + 4*p = p - 4. Suppose 5 = -c + 44. What is the remainder when c is divided by j?
9
Suppose 0 = 3*n + n - 72. Calculate the remainder when 1/21*3 + 976/28 is divided by n.
17
What is the remainder when (-1)/4 + (-722)/(-8) is divided by 23?
21
Suppose -2*n + 35 = 2*i - n, 3*i - 51 = -2*n. Suppose 8 = -0*o + 2*o. What is the remainder when i is divided by o?
3
Let j = 7 + -3. Suppose i = -2*g + 3*g - 1, -j*i + 20 = 2*g. Calculate the remainder when 11 is divided by g.
3
Suppose 3*c + 22 = 3*w + 97, c - 55 = -5*w. Suppose 0 = a - 0*a + 3*g - 22, 3*a = 2*g + 44. What is the remainder when c is divided by a?
14
Calculate the remainder when ((-21)/7 + 0)/((-1)/11) is divided by 18.
15
Let p be (1/3)/((-1)/15). Let z(k) = k**2 + 3*k + 6. What is the remainder when 63 is divided by z(p)?
15
Suppose -2*h = 4*o - 20, -o - 22 = -2*h - 4*o. Calculate the remainder when 109 is divided by h.
11
Let l = 27 + -16. Let g = 204 - 185. Calculate the remainder when g is divided by l.
8
Let s(h) = -6*h - 5. What is the remainder when s(-23) is divided by 27?
25
Suppose 0 = -x + 7 - 2. Suppose x*s - 26 = 3*s. What is the remainder when 50 is divided by s?
11
Suppose t + 0*t = 0. Suppose t = 3*m + 27 - 90. What is the remainder when m is divided by 11?
10
Suppose d = -5*w + 42, 0 = -3*d + 6 - 0. Let q = w - 4. What is the remainder when 10 is divided by q?
2
Suppose 3*r - 2*q = 208 + 176, 662 = 5*r + 4*q. Calculate the remainder when r is divided by 44.
42
Suppose 5*v = 25 + 15. What is the remainder when 21 - (-1 + (3 - (3 + 1))) is divided by v?
7
Suppose 2*q = -3*q + 45. Calculate the remainder when q is divided by 6.
3
Let l = -25 - 8. Suppose -5*h - 42 + 327 = 5*o, 0 = 2*h - o - 117. Let k = h + l. Calculate the remainder when k is divided by 13.
12
Let k = -83 - -105. What is the remainder when 81 is divided by k?
15
Suppose 2 = y - 0. What is the remainder when -2 - (-13 - (-1 - y)) is divided by 5?
3
Suppose 0 = -5*y - w + 6, 2*w - 7 = -2*y - 3*y. What is the remainder when 37/y*(5 + -4) is divided by 8?
5
Let i be (3/((-3)/14))/(-1). Suppose -3 = p - i. Suppose -5*h - 32 + 197 = q, 5*q = 5*h - 135. What is the remainder when h is divided by p?
10
Let v(i) be the third derivative of -i**4/8 - i**3/6 + i**2. Calculate the remainder when v(-5) is divided by 5.
4
Let b(f) = -3*f + 7. Let d(i) = 4*i - 8. Let g(x) = -7*b(x) - 6*d(x). Let r(c) = c**2 - 2. What is the remainder when g(-7) is divided by r(3)?
6
Suppose -5*z + 300 = 3*r, -2*z = -4*r + 316 + 110. Suppose -34 - 20 = -2*x. What is the remainder when r is divided by x?
24
Suppose 0 = -11*m + 9*m - 98. Suppose -3*b + 254 = -2*s, -3*s + 386 + 31 = 5*b. Let p = m + b. What is the remainder when p is divided by 12?
11
Calculate the remainder when 26 is divided by 9/6 - (-3)/((-6)/(-11)).
5
Suppose c - 12 = -2. Let f = c + -2. Calculate the remainder when f is divided by 2 + 6 + -3*1.
3
Suppose -c - 17 = -3*u + 14, -3*u = -15. Let x = 7 + 7. Calculate the remainder when x is divided by 5/(-15) - c/3.
4
Suppose 2070 = -4*s + 9*s. Calculate the remainder when s is divided by 52.
50
Let b(o) = -o**3 - o**2 + o + 5. Let a be b(0). Suppose 2*k - a*k = 3*h - 63, -4*h = 3*k - 58. What is the remainder when k is divided by (18/4)/(1/(2 - 0))?
8
What is the remainder when 272 is divided by 1/3 - 328/(-6)?
52
What is the remainder when (15/6)/(214/(-216) - -1) is divided by 13?
10
Let h = -36 + 59. What is the remainder when h is divided by 5?
3
Let t = 50 - 35. Let a = 203 + -195. Calculate the remainder when t is divided by a.
7
Suppose -8*u + 4*u = -292. What is the remainder when u is divided by 19?
16
Suppose -g = 3*m + 2*m - 14, -2*m - 16 = -5*g. Suppose -20 = -m*s - 6. What is the remainder when s is divided by 4?
3
What is the remainder when (-494)/(-14) - (-24)/(-84) is divided by 20?
15
Suppose 2*s - 4*s = 0. Suppose 20 = 5*d - r + 1, s = 3*d + 2*r - 14. Suppose d*i = -0*i + 60. Calculate the remainder when 43 is divided by i.
13
Let j(q) = 3*q**2 - 2*q**2 - 1 + q**3 + 0*q**3. Let p be j(0). Calculate the remainder when 33 - (p/(-1) - 0) is divided by 11.
10
Let r be ((-4)/10)/(1/(-30)). Suppose -11*i = -7*i - r. Suppose 4*q = -q + 40. Calculate the remainder when q is divided by i.
2
Suppose -4*x = -3*t - 2*t + 21, x = -2*t + 11. Suppose t*z = 20, 3*z = 4*o + 2*z - 32. What is the remainder when o is divided by 3?
0
What is the remainder when 12 is divided by -3 + 26/6 + (-4)/12?
0
Let p(j) = -j**3 + 6*j**2 + 3*j - 2. Let f be p(5). Suppose -n - 9 = -f. What is the remainder when n is divided by 8?
5
Let m = -6 + 7. Let n(t) = t**3 + 6*t**2 - 6*t + 10. Let x be n(-7). Suppose x = 5*g - 2. Calculate the remainder when g is divided by m.
0
Suppose 0*t - 5*t = -55. What is the remainder when -2 - 398/(-9) - 98/441 is divided by t?
9
Suppose -67 + 1 = -2*v. Suppose -j + 4*j = v. Calculate the remainder when 43 is divided by j.
10
Let x(n) = -n**2 - 7*n - 6. Let g be x(-5). Suppose 8 = g*i - 0. Suppose i*v + 3*k = 55, 4*k - 54 = -2*v - 0*v. Calculate the remainder when v is divided by 10.
9
Let k(y) = 4*y**2 + 3*y - 1. Let v(a) = a**3 + 9*a**2 + 8*a + 9. Let g be (-3 - 3)*(-4)/(-3). Calculate the remainder when k(-3) is divided by v(g).
8
Suppose -3*s = -5*z - 59, -3*s - 3*z = -0*s - 27. Suppose 3*y - 3*o = 120, 5*o = o - 16. What is the remainder when y is divided by s?
10
Let o = 388 + -208. Let v = -73 + o. Let d = v + -66. What is the remainder when d is divided by 14?
13
Let f = 9 - -24. Calculate the remainder when f is divided by 17.
16
Suppose s = -2*s + 12. Calculate the remainder when 23 is divided by 6/s*(-84)/(-18).
2
Suppose 11*j + 40 = 16*j. What is the remainder when 14 is divided by j?
6
Suppose 11*q - 50 = 104. Suppose -3*t = -0*t - 159. What is the remainder when t is divided by q?
11
Let a = -24 + 43. What is the remainder when 55 is divided by a?
17
Let v = -30 + 32. What is the remainder when 4 is divided by v?
0
Let m = 9 - 11. Calculate the remainder when (1 - 2/m) + 56 is divided by 12.
10
Suppose -3*u + 4*y = -29, 24 = 5*u + y - 9. Let h(n) = 2*n + 2*n**2 + n**3 + 2*n**2 - 7*n - 6 - n. Calculat